ed thousands digit of 2141875199?
8
What is the millions digit of 2818590696?
8
What is the hundreds digit of 883028069?
0
What is the millions digit of 9768750?
9
What is the tens digit of 175902437?
3
What is the hundreds digit of 966157914?
9
What is the hundred thousands digit of 69696171?
6
What is the units digit of 7678475?
5
What is the hundreds digit of 4073527?
5
What is the hundred thousands digit of 81533280?
5
What is the tens digit of 80043643?
4
What is the hundreds digit of 887543760?
7
What is the tens digit of 1150793830?
3
What is the tens digit of 605512752?
5
What is the tens digit of 5611709712?
1
What is the hundred thousands digit of 4197622027?
6
What is the millions digit of 13673230?
3
What is the ten thousands digit of 90939349?
3
What is the thousands digit of 88573134?
3
What is the units digit of 81765999?
9
What is the hundred millions digit of 103742475?
1
What is the units digit of 688040799?
9
What is the ten thousands digit of 680296260?
9
What is the units digit of 1416329223?
3
What is the millions digit of 3831712265?
1
What is the billions digit of 2186211398?
2
What is the tens digit of 359511728?
2
What is the billions digit of 1900758426?
1
What is the tens digit of 754636359?
5
What is the ten thousands digit of 97814017?
1
What is the hundred millions digit of 5773160131?
7
What is the tens digit of 2240993106?
0
What is the hundred thousands digit of 972171373?
1
What is the ten millions digit of 110904001?
1
What is the units digit of 87350956?
6
What is the millions digit of 55137604?
5
What is the ten millions digit of 206640851?
0
What is the hundreds digit of 844550656?
6
What is the tens digit of 290658527?
2
What is the ten thousands digit of 1479426112?
2
What is the units digit of 1244127048?
8
What is the ten thousands digit of 1641714280?
1
What is the hundred millions digit of 161193839?
1
What is the units digit of 266445264?
4
What is the units digit of 340291823?
3
What is the hundreds digit of 1097680883?
8
What is the ten millions digit of 19955285?
1
What is the hundred thousands digit of 12122038?
1
What is the hundreds digit of 83017565?
5
What is the hundreds digit of 59645944?
9
What is the hundred thousands digit of 2077424304?
4
What is the units digit of 148343162?
2
What is the ten thousands digit of 55915970?
1
What is the hundred millions digit of 2450312676?
4
What is the hundred thousands digit of 173888191?
8
What is the thousands digit of 94625077?
5
What is the ten millions digit of 531555036?
3
What is the millions digit of 25887351?
5
What is the thousands digit of 2122612588?
2
What is the tens digit of 366775081?
8
What is the hundreds digit of 37213538?
5
What is the hundreds digit of 5001567718?
7
What is the billions digit of 8624138033?
8
What is the hundreds digit of 1338789806?
8
What is the tens digit of 1519086937?
3
What is the hundred millions digit of 6149308315?
1
What is the hundreds digit of 275104246?
2
What is the units digit of 2094740748?
8
What is the units digit of 66493995?
5
What is the billions digit of 1295018716?
1
What is the hundred millions digit of 261737168?
2
What is the millions digit of 352424625?
2
What is the tens digit of 54218738?
3
What is the hundred thousands digit of 8932448357?
4
What is the ten thousands digit of 222301150?
0
What is the hundred thousands digit of 1721309317?
3
What is the tens digit of 83437417?
1
What is the thousands digit of 100625822?
5
What is the units digit of 444939048?
8
What is the tens digit of 2924571847?
4
What is the hundred millions digit of 243496102?
2
What is the hundreds digit of 1594963495?
4
What is the thousands digit of 24585714?
5
What is the tens digit of 44702220?
2
What is the thousands digit of 28516700?
6
What is the ten thousands digit of 308454166?
5
What is the thousands digit of 40189073?
9
What is the millions digit of 371674171?
1
What is the millions digit of 31001510?
1
What is the ten thousands digit of 423021915?
2
What is the hundred millions digit of 4603532861?
6
What is the units digit of 239547253?
3
What is the millions digit of 209407405?
9
What is the units digit of 49294995?
5
What is the tens digit of 291368665?
6
What is the thousands digit of 80799519?
9
What is the millions digit of 543896221?
3
What is the ten thousands digit of 40364551?
6
What is the tens digit of 267139540?
4
What is the millions digit of 589484873?
9
What is the units digit of 997722908?
8
What is the hundred thousands digit of 38149630?
1
What is the thousands digit of 485661052?
1
What is the tens digit of 228323981?
8
What is the hundreds digit of 5516744988?
9
What is the thousands digit of 106691616?
1
What is the hundreds digit of 4987802967?
9
What is the millions digit of 1496472309?
6
What is the units digit of 211920669?
9
What is the hundred thousands digit of 6883878?
8
What is the ten thousands digit of 225105978?
0
What is the hundreds digit of 3628828857?
8
What is the thousands digit of 58951128?
1
What is the units digit of 216421019?
9
What is the ten thousands digit of 33738460?
3
What is the hundreds digit of 397036833?
8
What is the billions digit of 1521762763?
1
What is the ten millions digit of 79616069?
7
What is the ten millions digit of 63612764?
6
What is the hundred millions digit of 1211357712?
2
What is the hundreds digit of 155437827?
8
What is the ten thousands digit of 13089774?
8
What is the thousands digit of 11660156?
0
What is the ten thousands digit of 136280729?
8
What is the hundred millions digit of 507408973?
5
What is the tens digit of 26137113?
1
What is the hundreds digit of 182867689?
6
What is the hundred thousands digit of 245608598?
6
What is the hundred thousands digit of 176871096?
8
What is the thousands digit of 26117265?
7
What is the hundreds digit of 4256622?
6
What is the hundreds digit of 5089919?
9
What is the ten millions digit of 44407609?
4
What is the hundreds digit of 322712381?
3
What is the ten thousands digit of 646525137?
2
What is the ten thousands digit of 1300636006?
3
What is the tens digit of 29540135?
3
What is the thousands digit of 89547166?
7
What is the hundred millions digit of 788264097?
7
What is the tens digit of 826873202?
0
What is the units digit of 4179039750?
0
What is the tens digit of 53785192?
9
What is the hundred millions digit of 192865806?
1
What is the units digit of 1043530080?
0
What is the ten thousands digit of 46476320?
7
What is the ten thousands digit of 6109044?
0
What is the units digit of 26213232?
2
What is the ten millions digit of 44983737?
4
What is the millions digit of 1849570888?
9
What is the hundreds digit of 18795711?
7
What is the hundreds digit of 125707136?
1
What is the hundred millions digit of 129625628?
1
What is the millions digit of 27967214?
7
What is the hundred millions digit of 216178157?
2
What is the thousands digit of 566182409?
2
What is the hundreds digit of 292475798?
7
What is the hundred thousands digit of 53522461?
5
What is the hundreds digit of 13256424?
4
What is the hundreds digit of 1430214?
2
What is the units digit of 25062766?
6
What is the units digit of 44751891?
1
What is the tens digit of 169123639?
3
What is the hundreds digit of 615647018?
0
What is the tens digit of 58615066?
6
What is the millions digit of 64691922?
4
What is the ten thousands digit of 2196971305?
7
What is the hundred thousands digit of 100540403?
5
What is the thousands digit of 27365073?
5
What is the tens digit of 36657893?
9
What is the units digit of 5455085742?
2
What is the tens digit of 142155888?
8
What is the ten thousands digit of 290477282?
7
What is the tens digit of 1077548120?
2
What is the hundred thousands digit of 131578851?
5
What is the hundred thousands digit of 11611619?
6
What is the hundreds digit of 33254833?
8
What is the ten millions digit of 186776430?
8
What is the tens digit of 893511660?
6
What is the hundred thousands digit of 2573745756?
7
What is the thousands digit of 16463532?
3
What is the thousands digit of 27607024?
7
What is the millions digit of 500510586?
0
What is the millions digit of 170731380?
0
What is the millions digit of 43397554?
3
What is the ten thousands digit of 657814276?
1
What is the hundreds digit 